 remainder when 382 is divided by 345.
37
Calculate the remainder when 457 is divided by 23.
20
Calculate the remainder when 542 is divided by 17.
15
What is the remainder when 12999 is divided by 104?
103
What is the remainder when 617 is divided by 31?
28
What is the remainder when 260 is divided by 55?
40
What is the remainder when 143 is divided by 48?
47
What is the remainder when 49 is divided by 25?
24
Calculate the remainder when 2206 is divided by 369.
361
Calculate the remainder when 7451 is divided by 56.
3
Calculate the remainder when 25758 is divided by 16.
14
What is the remainder when 40 is divided by 5?
0
What is the remainder when 568 is divided by 38?
36
What is the remainder when 349 is divided by 14?
13
What is the remainder when 9195 is divided by 17?
15
What is the remainder when 581 is divided by 33?
20
Calculate the remainder when 155 is divided by 43.
26
Calculate the remainder when 25 is divided by 19.
6
Calculate the remainder when 14834 is divided by 69.
68
What is the remainder when 371 is divided by 63?
56
Calculate the remainder when 3358 is divided by 37.
28
What is the remainder when 297 is divided by 25?
22
What is the remainder when 85 is divided by 12?
1
What is the remainder when 194 is divided by 72?
50
What is the remainder when 19919 is divided by 9957?
5
Calculate the remainder when 218 is divided by 10.
8
Calculate the remainder when 300 is divided by 9.
3
Calculate the remainder when 25098 is divided by 100.
98
What is the remainder when 295 is divided by 12?
7
What is the remainder when 953 is divided by 23?
10
Calculate the remainder when 92 is divided by 33.
26
Calculate the remainder when 652 is divided by 48.
28
What is the remainder when 2885 is divided by 76?
73
Calculate the remainder when 203 is divided by 47.
15
Calculate the remainder when 6315 is divided by 78.
75
Calculate the remainder when 6043 is divided by 2014.
1
What is the remainder when 428 is divided by 22?
10
What is the remainder when 959 is divided by 5?
4
Calculate the remainder when 441 is divided by 229.
212
Calculate the remainder when 29 is divided by 19.
10
Calculate the remainder when 1072 is divided by 91.
71
What is the remainder when 385 is divided by 26?
21
What is the remainder when 33 is divided by 27?
6
Calculate the remainder when 1052 is divided by 39.
38
Calculate the remainder when 230 is divided by 34.
26
Calculate the remainder when 96 is divided by 78.
18
Calculate the remainder when 290 is divided by 73.
71
What is the remainder when 27 is divided by 8?
3
Calculate the remainder when 179 is divided by 68.
43
What is the remainder when 1168 is divided by 117?
115
Calculate the remainder when 13 is divided by 9.
4
What is the remainder when 255 is divided by 14?
3
What is the remainder when 139 is divided by 6?
1
Calculate the remainder when 361 is divided by 29.
13
What is the remainder when 284 is divided by 41?
38
Calculate the remainder when 35 is divided by 6.
5
What is the remainder when 83 is divided by 4?
3
What is the remainder when 36 is divided by 7?
1
Calculate the remainder when 3144 is divided by 37.
36
Calculate the remainder when 801 is divided by 54.
45
Calculate the remainder when 85 is divided by 30.
25
Calculate the remainder when 1317 is divided by 298.
125
Calculate the remainder when 174 is divided by 169.
5
What is the remainder when 238 is divided by 21?
7
What is the remainder when 1331 is divided by 660?
11
What is the remainder when 1125 is divided by 24?
21
Calculate the remainder when 2818 is divided by 15.
13
Calculate the remainder when 416 is divided by 22.
20
Calculate the remainder when 25 is divided by 11.
3
Calculate the remainder when 630 is divided by 108.
90
What is the remainder when 236 is divided by 17?
15
Calculate the remainder when 90 is divided by 30.
0
What is the remainder when 185 is divided by 59?
8
What is the remainder when 754 is divided by 128?
114
What is the remainder when 97 is divided by 37?
23
What is the remainder when 1052 is divided by 126?
44
What is the remainder when 775 is divided by 97?
96
What is the remainder when 4452 is divided by 20?
12
Calculate the remainder when 130 is divided by 19.
16
What is the remainder when 321 is divided by 158?
5
What is the remainder when 502 is divided by 36?
34
What is the remainder when 506 is divided by 150?
56
What is the remainder when 1148 is divided by 487?
174
What is the remainder when 2849 is divided by 77?
0
What is the remainder when 187 is divided by 63?
61
Calculate the remainder when 2710 is divided by 387.
1
Calculate the remainder when 1447 is divided by 54.
43
Calculate the remainder when 1125 is divided by 14.
5
Calculate the remainder when 164 is divided by 30.
14
Calculate the remainder when 329 is divided by 90.
59
Calculate the remainder when 2395 is divided by 25.
20
What is the remainder when 184 is divided by 63?
58
Calculate the remainder when 337 is divided by 26.
25
Calculate the remainder when 886 is divided by 80.
6
What is the remainder when 1367 is divided by 68?
7
What is the remainder when 7660 is divided by 16?
12
What is the remainder when 375 is divided by 13?
11
Calculate the remainder when 503 is divided by 498.
5
What is the remainder when 7996 is divided by 58?
50
Calculate the remainder when 1267 is divided by 265.
207
Calculate the remainder when 318 is divided by 81.
75
What is the remainder when 964 is divided by 69?
67
What is the remainder when 102 is divided by 27?
21
Calculate the remainder when 7080 is divided by 44.
40
Calculate the remainder when 1787 is divided by 10.
7
Calculate the remainder when 3439 is divided by 11.
7
What is the remainder when 736 is divided by 53?
47
Calculate the remainder when 646 is divided by 275.
96
What is the remainder when 51678 is divided by 136?
134
What is the remainder when 538 is divided by 49?
48
What is the remainder when 125 is divided by 14?
13
What is the remainder when 2593 is divided by 58?
41
Calculate the remainder when 266 is divided by 54.
50
Calculate the remainder when 3968 is divided by 5.
3
What is the remainder when 926 is divided by 11?
2
What is the remainder when 960 is divided by 9?
6
Calculate the remainder when 3134 is divided by 3101.
33
What is the remainder when 190 is divided by 49?
43
What is the remainder when 59 is divided by 10?
9
What is the remainder when 311 is divided by 202?
109
Calculate the remainder when 659 is divided by 17.
13
What is the remainder when 47 is divided by 15?
2
Calculate the remainder when 913 is divided by 185.
173
Calculate the remainder when 129 is divided by 17.
10
What is the remainder when 2886 is divided by 76?
74
Calculate the remainder when 147 is divided by 15.
12
What is the remainder when 49 is divided by 15?
4
Calculate the remainder when 2051 is divided by 408.
11
Calculate the remainder when 27 is divided by 8.
3
Calculate the remainder when 91 is divided by 15.
1
Calculate the remainder when 43 is divided by 18.
7
What is the remainder when 172 is divided by 165?
7
What is the remainder when 76 is divided by 72?
4
What is the remainder when 12184 is divided by 271?
260
What is the remainder when 117 is divided by 8?
5
Calculate the remainder when 424 is divided by 51.
16
Calculate the remainder when 54 is divided by 6.
0
Calculate the remainder when 15936 is divided by 253.
250
Calculate the remainder when 260 is divided by 54.
44
What is the remainder when 99 is divided by 48?
3
Calculate the remainder when 164 is divided by 5.
4
What is the remainder when 55 is divided by 10?
5
What is the remainder when 137 is divided by 4?
1
Calculate the remainder when 100 is divided by 30.
10
What is the remainder when 85 is divided by 40?
5
What is the remainder when 789 is divided by 3?
0
What is the remainder when 37853 is divided by 14?
11
What is the remainder when 3825 is divided by 132?
129
Calculate the remainder when 111 is divided by 22.
1
Calculate the remainder when 943 is divided by 188.
3
What is the remainder when 6844 is divided by 41?
38
What is the remainder when 886 is divided by 89?
85
What is the remainder when 89 is divided by 46?
43
Calculate the remainder when 1846 is divided by 6.
4
What is the remainder when 247 is divided by 6